{"id":81,"date":"2019-09-27T20:18:36","date_gmt":"2019-09-27T20:18:36","guid":{"rendered":"https:\/\/wordpress.kisaki-muenster.de\/?page_id=81"},"modified":"2025-05-01T18:58:39","modified_gmt":"2025-05-01T16:58:39","slug":"mitgliedschaft-im-verein","status":"publish","type":"page","link":"https:\/\/www.kisaki-muenster.de\/?page_id=81","title":{"rendered":"Mitgliedschaft im Verein"},"content":{"rendered":"\n<p>Die monatlichen Mitgliedsbeitr\u00e4ge sind:<\/p>\n<p>&#8211; f\u00fcr <strong>Jugendliche bis zur Vollendung 18. Lebensjahr<\/strong>: <strong>9,00 \u20ac<\/strong><\/p>\n<p>&#8211; f\u00fcr<strong> Mitglieder ab 18 Jahre<\/strong>: <strong>14,00 \u20ac<\/strong><\/p>\n<p>Der <strong>Beitrag f\u00fcr Familien<\/strong> betr\u00e4gt <strong>24,00 \u20ac<\/strong>.<\/p>\n<p>Daf\u00fcr k\u00f6nnt Ihr bis zu 3x w\u00f6chentlich Karate trainieren.<\/p>\n<p>Interesse?<\/p>\n<p><a href=\"https:\/\/www.kisaki-muenster.de\/?page_id=252\"><strong>Hier geht es zum Mitgliedschaftsantrag.<\/strong><\/a><\/p>\n","protected":false},"excerpt":{"rendered":"<p>Die monatlichen Mitgliedsbeitr\u00e4ge sind: &#8211; f\u00fcr Jugendliche bis zur Vollendung 18. Lebensjahr: 9,00 \u20ac &#8211; f\u00fcr Mitglieder ab 18 Jahre: 14,00 \u20ac Der Beitrag f\u00fcr Familien betr\u00e4gt 24,00 \u20ac. Daf\u00fcr &#8230; <a title=\"Mitgliedschaft im Verein\" class=\"read-more\" href=\"https:\/\/www.kisaki-muenster.de\/?page_id=81\" aria-label=\"Mehr Informationen \u00fcber Mitgliedschaft im Verein\">Weiterlesen<\/a><\/p>\n","protected":false},"author":2,"featured_media":0,"parent":0,"menu_order":0,"comment_status":"closed","ping_status":"closed","template":"","meta":{"_themeisle_gutenberg_block_has_review":false,"footnotes":""},"class_list":["post-81","page","type-page","status-publish"],"_links":{"self":[{"href":"https:\/\/www.kisaki-muenster.de\/index.php?rest_route=\/wp\/v2\/pages\/81","targetHints":{"allow":["GET"]}}],"collection":[{"href":"https:\/\/www.kisaki-muenster.de\/index.php?rest_route=\/wp\/v2\/pages"}],"about":[{"href":"https:\/\/www.kisaki-muenster.de\/index.php?rest_route=\/wp\/v2\/types\/page"}],"author":[{"embeddable":true,"href":"https:\/\/www.kisaki-muenster.de\/index.php?rest_route=\/wp\/v2\/users\/2"}],"replies":[{"embeddable":true,"href":"https:\/\/www.kisaki-muenster.de\/index.php?rest_route=%2Fwp%2Fv2%2Fcomments&post=81"}],"version-history":[{"count":7,"href":"https:\/\/www.kisaki-muenster.de\/index.php?rest_route=\/wp\/v2\/pages\/81\/revisions"}],"predecessor-version":[{"id":3599,"href":"https:\/\/www.kisaki-muenster.de\/index.php?rest_route=\/wp\/v2\/pages\/81\/revisions\/3599"}],"wp:attachment":[{"href":"https:\/\/www.kisaki-muenster.de\/index.php?rest_route=%2Fwp%2Fv2%2Fmedia&parent=81"}],"curies":[{"name":"wp","href":"https:\/\/api.w.org\/{rel}","templated":true}]}}